{"id":8,"date":"2014-04-16T11:22:07","date_gmt":"2014-04-16T11:22:07","guid":{"rendered":"http:\/\/www.mimosart.com.br\/wp2\/?page_id=8"},"modified":"2016-08-22T22:16:57","modified_gmt":"2016-08-22T22:16:57","slug":"quem-somos","status":"publish","type":"page","link":"https:\/\/www.mimosart.com.br\/wp2\/quem-somos\/","title":{"rendered":"Quem Somos"},"content":{"rendered":"<div id=\"attachment_136\" style=\"width: 410px\" class=\"wp-caption alignleft\"><a style=\"background-color: transparent; font-family: 'Source Sans Pro', Helvetica, sans-serif; font-size: 16px; line-height: 1.5;\" href=\"http:\/\/www.mimosart.com.br\/wp2\/wp-content\/uploads\/2014\/04\/mim.jpg\"><img aria-describedby=\"caption-attachment-136\" decoding=\"async\" loading=\"lazy\" class=\"wp-image-136 size-full\" src=\"http:\/\/www.mimosart.com.br\/wp2\/wp-content\/uploads\/2014\/04\/mim.jpg\" alt=\"\" width=\"400\" height=\"428\" srcset=\"https:\/\/www.mimosart.com.br\/wp2\/wp-content\/uploads\/2014\/04\/mim.jpg 400w, https:\/\/www.mimosart.com.br\/wp2\/wp-content\/uploads\/2014\/04\/mim-280x300.jpg 280w\" sizes=\"(max-width: 400px) 100vw, 400px\" \/><\/a><p id=\"caption-attachment-136\" class=\"wp-caption-text\">Michele e Monique com as noivas<\/p><\/div>\n<p>O Atelier Mimos Art \u00a0\u00e9 resultado do sonho das irm\u00e3s Michele e Monique e desde ent\u00e3o atendeu um incont\u00e1vel n\u00famero de mam\u00e3es (algumas mais de uma vez :D), noivas dos mais variados estilos (da moderninha \u00e0s mais cl\u00e1ssicas), eventos marcantes na vida de uma pessoa, como Primeira Comunh\u00e3o, Batizados, Brit Mil\u00e0, anivers\u00e1rios, ch\u00e1s de beb\u00ea, ch\u00e1 de cozinha e at\u00e9 eventos corporativos. O Atelier Mimo&#8217;s Art nasceu em 2001 do sonho das irm\u00e3s Michele e Monique que desejavam tornar os momentos \u00fanicos da vida de uma mam\u00e3e em algo personalizado e exclusivo.<\/p>\n<p>Nosso site \u00e9 pensado\u00a0para facilitar a vida de noivas e mam\u00e3es modernas que n\u00e3o tem tempo, mas fazem quest\u00e3o de qualidade e exclusividade.<\/p>\n<p>Tamb\u00e9m \u00e9 poss\u00edvel agendar uma visita com hora marcada no atelier que se localiza na cidade de Serra Negra, interior de SP, localizado na Pra\u00e7a Bar\u00e3o do Rio Branco, s\/n, pois fazemos quest\u00e3o de um atendimento personalizado onde nossa cliente tenha total seguran\u00e7a e a certeza de estar comprando um produto exclusivo, feito com muito amor e dedica\u00e7\u00e3o.<\/p>\n","protected":false},"excerpt":{"rendered":"<p>O Atelier Mimos Art \u00a0\u00e9 resultado do sonho das irm\u00e3s Michele e Monique e desde ent\u00e3o atendeu um incont\u00e1vel n\u00famero de mam\u00e3es (algumas mais de uma vez :D),&#8230;<\/p>\n","protected":false},"author":1,"featured_media":0,"parent":0,"menu_order":0,"comment_status":"closed","ping_status":"closed","template":"","meta":[],"_links":{"self":[{"href":"https:\/\/www.mimosart.com.br\/wp2\/wp-json\/wp\/v2\/pages\/8"}],"collection":[{"href":"https:\/\/www.mimosart.com.br\/wp2\/wp-json\/wp\/v2\/pages"}],"about":[{"href":"https:\/\/www.mimosart.com.br\/wp2\/wp-json\/wp\/v2\/types\/page"}],"author":[{"embeddable":true,"href":"https:\/\/www.mimosart.com.br\/wp2\/wp-json\/wp\/v2\/users\/1"}],"replies":[{"embeddable":true,"href":"https:\/\/www.mimosart.com.br\/wp2\/wp-json\/wp\/v2\/comments?post=8"}],"version-history":[{"count":8,"href":"https:\/\/www.mimosart.com.br\/wp2\/wp-json\/wp\/v2\/pages\/8\/revisions"}],"predecessor-version":[{"id":724,"href":"https:\/\/www.mimosart.com.br\/wp2\/wp-json\/wp\/v2\/pages\/8\/revisions\/724"}],"wp:attachment":[{"href":"https:\/\/www.mimosart.com.br\/wp2\/wp-json\/wp\/v2\/media?parent=8"}],"curies":[{"name":"wp","href":"https:\/\/api.w.org\/{rel}","templated":true}]}}